{"id":16476,"date":"2024-03-04T13:30:00","date_gmt":"2024-03-04T12:30:00","guid":{"rendered":"https:\/\/engstligenalp.ch\/?page_id=16476"},"modified":"2026-04-19T20:59:54","modified_gmt":"2026-04-19T18:59:54","slug":"globi-et-les-enfants-2","status":"publish","type":"page","link":"https:\/\/engstligenalp.ch\/fr\/ete\/vivre\/globi-et-les-enfants-2\/","title":{"rendered":"Apprendre \u00e0 bien randonner"},"content":{"rendered":"\n    <section class=\"full_grid text-light\">\n        <div class=\"container-full\">\n            <div class=\"max_90_d\">\n                <div class=\"row\">\n                                            <h1 class=\"mb-4 heading\">Apprendre \u00e0 bien randonner  <\/h1>\n                                        <div class=\"col-md-8\">\n                        <p>D\u00e9couvrez la fascination de la randonn\u00e9e et apprenez les principales techniques sur l&rsquo;Engstligenalp.<br \/>\nNotre situation unique dans l&rsquo;Oberland bernois offre un environnement id\u00e9al pour d\u00e9velopper vos comp\u00e9tences en mati\u00e8re de randonn\u00e9e. D\u00e9couvre la beaut\u00e9 \u00e9poustouflante des Alpes suisses et am\u00e9liore tes comp\u00e9tences en mati\u00e8re de randonn\u00e9e au milieu de ce paysage unique.<\/p>\n<p>Nous proposons deux cours passionnants : Randonn\u00e9e alpine et en montagne pour les d\u00e9butants qui souhaitent faire leurs premiers pas en montagne, et Randonn\u00e9e avec chien pour partager le plaisir de la randonn\u00e9e avec ton fid\u00e8le compagnon.<\/p>\n<p>Que tu souhaites faire des promenades douces \u00e0 travers les Alpes pittoresques ou des randonn\u00e9es en montagne plus exigeantes vers les sommets et les points de vue &#8211; sur l&rsquo;Engstligenalp, tu peux apprendre \u00e0 bien randonner avec ou sans ton chien et profiter de la beaut\u00e9 des Alpes suisses.<\/p>\n                                            <\/div>\n                                    <\/div>\n            <\/div>\n        <\/div>\n    <\/section>\n\n\n     \n            <section class=\"column_in_2\" id=\"Vacances \u00e0 pied avec un chien - enseigner et apprendre dans les montagnes\">\n                <div class=\"container-full\">\n                    <div class=\"triagles_effects half_effect_quatre\" data-aos=\"fade-up\" data-aos-delay=\"600\">\n                        <div class=\"half_right_blue\"><\/div>\n                    <\/div>\n                    <div class=\"row max_90_d\">\n                        <div class=\"col-lg-7 p-0 mb-4 order-1 position-relative\" data-aos=\"fade-up\" data-aos-delay=\"200\">\n                            <img decoding=\"async\" src=\"\" class=\"img-fluid rounded-2 img-shadow\" alt=\"\" title=\"\">\n                        <\/div>\n                        <div class=\"col-lg-4 margin-left-3 order-2 content\" data-aos=\"fade-up\" data-aos-delay=\"200\">\n                            <h5 class=\"mb-4\">Cours Randonn\u00e9e avec un chien  <\/h5>\n                            <div><p><h6>Apprendre \u00e0 bien randonner avec ton chien &#8211; 4 nuits en h\u00f4tel de montagne \u00e0 partir de CHF 780\/personne &#8211; du 29.09.-03.10.2024<\/h6>\n<p>Chez nous, sur l&rsquo;\u00e9poustouflante Engstligenalp, ton compagnon \u00e0 quatre pattes est le bienvenu ! Dehors, dans les montagnes, comme \u00e0 l&rsquo;h\u00f4tel.<\/p>\n<p>D\u00e9couvre la combinaison parfaite entre nature, aventure et temps pass\u00e9 avec ton compagnon \u00e0 quatre pattes et profite des connaissances \u00e9tendues de nos guides dipl\u00f4m\u00e9s exp\u00e9riment\u00e9s. Accompagnatrice de randonn\u00e9es et guide de chiens pour tes excursions en montagne avec ton chien.<\/p>\n<p>Apprends \u00e0 conna\u00eetre les randonn\u00e9es appropri\u00e9es, re\u00e7ois des conseils sur l&rsquo;\u00e9quipement et la nourriture ainsi que sur les premiers secours. Nous abordons \u00e9galement des sujets importants comme la rencontre avec les vaches et la tyrolienne. Profite de vacances inoubliables \u00e0 la montagne avec ton fid\u00e8le compagnon !<\/p>\n<\/div>\n                                                            <div class=\"mt-4\">\n                                    <a href=\"https:\/\/engstligenalp.ch\/?page_id=16519\"  class=\"btn btn-success btn-rounded\">Vers le cours Randonn\u00e9e avec un chien  <\/a>\n                                <\/div>\n                                                                                <\/div>\n                    <\/div>\n                <\/div>\n            <\/section>\n    \n    \n                <section class=\"column_in_2\" id=\"  Randonn\u00e9e alpine - cours pour d\u00e9butants  \">\n                <div class=\"container-full\">\n                    <div class=\"triagles_effects half_effect_quatre right_side_effect\" data-aos=\"fade-up\" data-aos-delay=\"600\">\n                        <div class=\"half_right_lightblue\"><\/div>\n                    <\/div>\n                    <div class=\"row max_90_d\">\n                        <div class=\"col-lg-7 p-0 mb-4 mt-4 margin-left-3 order-md-2 position-relative\" data-aos=\"fade-up\" data-aos-delay=\"200\">\n                            <img decoding=\"async\" src=\"\" class=\"img-fluid rounded-2 img-shadow\" alt=\"\" title=\"\">\n                        <\/div>\n                        <div class=\"col-lg-4 order-md-1 content\" data-aos=\"fade-up\" data-aos-delay=\"200\">\n                            <h5 class=\"mb-4\">Cours de randonn\u00e9e alpine<\/h5>\n                            <div><p><h6>Apprendre \u00e0 bien randonner &#8211; 4 nuit\u00e9es \u00e0 l&rsquo;h\u00f4tel de montagne \u00e0 partir de CHF 890\/personne &#8211; du 07 au 11.07.2024<\/h6>\n<p>Apprends les bases de la randonn\u00e9e alpine lors de notre cours pour d\u00e9butants \u00e0 l&rsquo;Engstligenalp dans l&rsquo;Oberland bernois. Profite d&rsquo;une introduction compl\u00e8te \u00e0 la planification des randonn\u00e9es, \u00e0 l&rsquo;\u00e9quipement et aux techniques de s\u00e9curit\u00e9.<\/p>\n<p>Tu apprends \u00e0 traverser des champs de neige et des torrents de montagne en toute s\u00e9curit\u00e9 et tu re\u00e7ois des formations telles que \u00ab\u00a0Premiers secours en montagne\u00a0\u00bb. Ce cours offre de pr\u00e9cieux conseils aux randonneurs d\u00e9butants et te pr\u00e9pare \u00e0 des aventures alpines dans le monde de la montagne.<\/p>\n<\/div>\n                                                            <div class=\"mt-4\">\n                                    <a href=\"https:\/\/engstligenalp.ch\/?page_id=17752\"  class=\"btn btn-success btn-rounded\">  Pour la randonn\u00e9e alpine &#8211; cours pour d\u00e9butants  <\/a>\n                                <\/div>\n                                                                                <\/div>\n                    <\/div>\n                <\/div>\n            <\/section>\n    \n    ","protected":false},"excerpt":{"rendered":"","protected":false},"author":3,"featured_media":17057,"parent":9124,"menu_order":38,"comment_status":"closed","ping_status":"closed","template":"","meta":{"_acf_changed":false,"footnotes":""},"class_list":["post-16476","page","type-page","status-publish","has-post-thumbnail","hentry"],"acf":[],"publishpress_future_workflow_manual_trigger":{"enabledWorkflows":[]},"_links":{"self":[{"href":"https:\/\/engstligenalp.ch\/fr\/wp-json\/wp\/v2\/pages\/16476","targetHints":{"allow":["GET"]}}],"collection":[{"href":"https:\/\/engstligenalp.ch\/fr\/wp-json\/wp\/v2\/pages"}],"about":[{"href":"https:\/\/engstligenalp.ch\/fr\/wp-json\/wp\/v2\/types\/page"}],"author":[{"embeddable":true,"href":"https:\/\/engstligenalp.ch\/fr\/wp-json\/wp\/v2\/users\/3"}],"replies":[{"embeddable":true,"href":"https:\/\/engstligenalp.ch\/fr\/wp-json\/wp\/v2\/comments?post=16476"}],"version-history":[{"count":2,"href":"https:\/\/engstligenalp.ch\/fr\/wp-json\/wp\/v2\/pages\/16476\/revisions"}],"predecessor-version":[{"id":29238,"href":"https:\/\/engstligenalp.ch\/fr\/wp-json\/wp\/v2\/pages\/16476\/revisions\/29238"}],"up":[{"embeddable":true,"href":"https:\/\/engstligenalp.ch\/fr\/wp-json\/wp\/v2\/pages\/9124"}],"wp:featuredmedia":[{"embeddable":true,"href":"https:\/\/engstligenalp.ch\/fr\/wp-json\/wp\/v2\/media\/17057"}],"wp:attachment":[{"href":"https:\/\/engstligenalp.ch\/fr\/wp-json\/wp\/v2\/media?parent=16476"}],"curies":[{"name":"wp","href":"https:\/\/api.w.org\/{rel}","templated":true}]}}

Apprendre à bien randonner

<section class="full_grid text-light">
        <div class="container-full">
            <div class="max_90_d">
                <div class="row">
                                            <h1 class="mb-4 heading">Apprendre à bien randonner  </h1>
                                        <div class="col-md-8">
                        <p>Découvrez la fascination de la randonnée et apprenez les principales techniques sur l&rsquo;Engstligenalp.<br />
Notre situation unique dans l&rsquo;Oberland bernois offre un environnement idéal pour développer vos compétences en matière de randonnée. Découvre la beauté époustouflante des Alpes suisses et améliore tes compétences en matière de randonnée au milieu de ce paysage unique.</p>
<p>Nous proposons deux cours passionnants : Randonnée alpine et en montagne pour les débutants qui souhaitent faire leurs premiers pas en montagne, et Randonnée avec chien pour partager le plaisir de la randonnée avec ton fidèle compagnon.</p>
<p>Que tu souhaites faire des promenades douces à travers les Alpes pittoresques ou des randonnées en montagne plus exigeantes vers les sommets et les points de vue &#8211; sur l&rsquo;Engstligenalp, tu peux apprendre à bien randonner avec ou sans ton chien et profiter de la beauté des Alpes suisses.</p>
                                            </div>
                                    </div>
            </div>
        </div>
    </section>


     
            <section class="column_in_2" id="Vacances à pied avec un chien - enseigner et apprendre dans les montagnes">
                <div class="container-full">
                    <div class="triagles_effects half_effect_quatre" data-aos="fade-up" data-aos-delay="600">
                        <div class="half_right_blue"></div>
                    </div>
                    <div class="row max_90_d">
                        <div class="col-lg-7 p-0 mb-4 order-1 position-relative" data-aos="fade-up" data-aos-delay="200">
                            <img decoding="async" src="" class="img-fluid rounded-2 img-shadow" alt="" title="">
                        </div>
                        <div class="col-lg-4 margin-left-3 order-2 content" data-aos="fade-up" data-aos-delay="200">
                            <h5 class="mb-4">Cours Randonnée avec un chien  </h5>
                            <div><p><h6>Apprendre à bien randonner avec ton chien &#8211; 4 nuits en hôtel de montagne à partir de CHF 780/personne &#8211; du 29.09.-03.10.2024</h6>
<p>Chez nous, sur l&rsquo;époustouflante Engstligenalp, ton compagnon à quatre pattes est le bienvenu ! Dehors, dans les montagnes, comme à l&rsquo;hôtel.</p>
<p>Découvre la combinaison parfaite entre nature, aventure et temps passé avec ton compagnon à quatre pattes et profite des connaissances étendues de nos guides diplômés expérimentés. Accompagnatrice de randonnées et guide de chiens pour tes excursions en montagne avec ton chien.</p>
<p>Apprends à connaître les randonnées appropriées, reçois des conseils sur l&rsquo;équipement et la nourriture ainsi que sur les premiers secours. Nous abordons également des sujets importants comme la rencontre avec les vaches et la tyrolienne. Profite de vacances inoubliables à la montagne avec ton fidèle compagnon !</p>
</div>
                                                            <div class="mt-4">
                                    <a href="https://engstligenalp.ch/?page_id=16519"  class="btn btn-success btn-rounded">Vers le cours Randonnée avec un chien  </a>
                                </div>
                                                                                </div>
                    </div>
                </div>
            </section>
    
    
                <section class="column_in_2" id="  Randonnée alpine - cours pour débutants  ">
                <div class="container-full">
                    <div class="triagles_effects half_effect_quatre right_side_effect" data-aos="fade-up" data-aos-delay="600">
                        <div class="half_right_lightblue"></div>
                    </div>
                    <div class="row max_90_d">
                        <div class="col-lg-7 p-0 mb-4 mt-4 margin-left-3 order-md-2 position-relative" data-aos="fade-up" data-aos-delay="200">
                            <img decoding="async" src="" class="img-fluid rounded-2 img-shadow" alt="" title="">
                        </div>
                        <div class="col-lg-4 order-md-1 content" data-aos="fade-up" data-aos-delay="200">
                            <h5 class="mb-4">Cours de randonnée alpine</h5>
                            <div><p><h6>Apprendre à bien randonner &#8211; 4 nuitées à l&rsquo;hôtel de montagne à partir de CHF 890/personne &#8211; du 07 au 11.07.2024</h6>
<p>Apprends les bases de la randonnée alpine lors de notre cours pour débutants à l&rsquo;Engstligenalp dans l&rsquo;Oberland bernois. Profite d&rsquo;une introduction complète à la planification des randonnées, à l&rsquo;équipement et aux techniques de sécurité.</p>
<p>Tu apprends à traverser des champs de neige et des torrents de montagne en toute sécurité et tu reçois des formations telles que « Premiers secours en montagne ». Ce cours offre de précieux conseils aux randonneurs débutants et te prépare à des aventures alpines dans le monde de la montagne.</p>
</div>
                                                            <div class="mt-4">
                                    <a href="https://engstligenalp.ch/?page_id=17752"  class="btn btn-success btn-rounded">  Pour la randonnée alpine &#8211; cours pour débutants  </a>
                                </div>
                                                                                </div>
                    </div>
                </div>
            </section>
